{"id":716,"date":"2019-01-07T18:13:48","date_gmt":"2019-01-07T18:13:48","guid":{"rendered":"https:\/\/ramsbergspsk.org\/?page_id=716"},"modified":"2026-02-08T19:23:01","modified_gmt":"2026-02-08T19:23:01","slug":"resultat-precision-bergslagsmasterskap","status":"publish","type":"page","link":"https:\/\/ramsbergspsk.org\/?page_id=716","title":{"rendered":"Resultat Precision Bergslagsm\u00e4sterskap"},"content":{"rendered":"\n<p>Fr\u00f6vi-Lindes PF arrangerar \u00e5rligen m\u00e4sterskapet i Precision.<\/p>\n\n\n\n<p>Resultat nedan<\/p>\n\n\n\n<div class=\"wp-block-file\"><a id=\"wp-block-file--media-86c38829-33e7-4608-9e81-f01dde14e734\" href=\"https:\/\/ramsbergspsk.org\/wp-content\/uploads\/2025\/06\/Resultat-BM-Precision-2025.pdf\" target=\"_blank\" rel=\"noreferrer noopener\">Bergslagsm\u00e4sterskap precision 2025<\/a><\/div>\n\n\n\n<div class=\"wp-block-file\"><a id=\"wp-block-file--media-971470e3-e4a9-47f1-997e-63fd346afd12\" href=\"https:\/\/ramsbergspsk.org\/wp-content\/uploads\/2025\/02\/Bergslagsmasterskap-precision-2024.pdf\" target=\"_blank\" rel=\"noreferrer noopener\">Bergslagsm\u00e4sterskap precision 2024<\/a><\/div>\n\n\n\n<div class=\"wp-block-file\"><a id=\"wp-block-file--media-f23e5e46-b8bf-41fc-a490-b3ec9c8f0cc4\" href=\"https:\/\/ramsbergspsk.org\/wp-content\/uploads\/2025\/02\/BM-Precision-2023.pdf\" target=\"_blank\" rel=\"noreferrer noopener\">Bergslagsm\u00e4sterskap precision 2023<\/a><\/div>\n\n\n\n<div class=\"wp-block-file\"><a id=\"wp-block-file--media-64ea9f30-8a1e-4901-a45f-afb0db9ffaac\" href=\"https:\/\/ramsbergspsk.org\/wp-content\/uploads\/2022\/06\/Bergslagsm\u00e4sterskap-precision-2022.pdf\" target=\"_blank\" rel=\"noreferrer noopener\">Bergslagsm\u00e4sterskap precision 2022<\/a><\/div>\n\n\n\n<p class=\"has-small-font-size\"><a href=\"https:\/\/ramsbergspsk.org\/wp-content\/uploads\/2019\/06\/Bergslagsm\u00e4sterskap-precision-2019-2.pdf\" target=\"_blank\" rel=\"noreferrer noopener\" aria-label=\"Bergslagsm\u00e4sterskap precision 2019 (\u00f6ppnas i en ny flik)\">Bergslagsm\u00e4sterskap precision 2019<\/a><\/p>\n\n\n\n<div class=\"wp-block-file\"><a id=\"wp-block-file--media-7d17fe25-9ab0-4b25-9377-9041222a47f6\" href=\"https:\/\/ramsbergspsk.org\/wp-content\/uploads\/2019\/01\/Bergslagsm\u00e4sterskap-precision-2018-1.pdf\" target=\"_blank\" rel=\"noreferrer noopener\">Bergslagsm\u00e4sterskap precision 2018<\/a><\/div>\n\n\n\n<div class=\"wp-block-file\"><a id=\"wp-block-file--media-7ae66c56-266e-4908-a571-fd5d48f6f7bc\" href=\"https:\/\/ramsbergspsk.org\/wp-content\/uploads\/2019\/01\/Bergslagsm\u00e4sterskap-precision-2016.pdf\" target=\"_blank\" rel=\"noreferrer noopener\">Bergslagsm\u00e4sterskap precision 2016<\/a><\/div>\n\n\n\n<div class=\"wp-block-file\"><a id=\"wp-block-file--media-f357b06b-52cb-4998-9be7-d10e93da4a82\" href=\"https:\/\/ramsbergspsk.org\/wp-content\/uploads\/2019\/01\/Bergslagsm\u00e4sterskap-precision-2015.pdf\" target=\"_blank\" rel=\"noreferrer noopener\">Bergslagsm\u00e4sterskap precision 2015<\/a><\/div>\n\n\n\n<div class=\"wp-block-file\"><a id=\"wp-block-file--media-89da4082-c258-4d82-bd63-ec1ae0b277f8\" href=\"https:\/\/ramsbergspsk.org\/wp-content\/uploads\/2019\/01\/Bergslagsm\u00e4sterskap-precision-2014.pdf\" target=\"_blank\" rel=\"noreferrer noopener\">Bergslagsm\u00e4sterskap precision 2014<\/a><\/div>\n\n\n\n<div class=\"wp-block-file\"><a id=\"wp-block-file--media-0a8dca8e-4380-4b21-9870-08159841bbd4\" href=\"https:\/\/ramsbergspsk.org\/wp-content\/uploads\/2019\/01\/Bergslagsm\u00e4sterskap-precision-2013.pdf\" target=\"_blank\" rel=\"noreferrer noopener\">Bergslagsm\u00e4sterskap precision 2013<\/a><\/div>\n\n\n\n<div class=\"wp-block-file\"><a id=\"wp-block-file--media-011be7f5-7c3b-4023-9f18-8e796f532195\" href=\"https:\/\/ramsbergspsk.org\/wp-content\/uploads\/2019\/01\/Bergslagsm\u00e4sterskap-precision-2012.pdf\" target=\"_blank\" rel=\"noreferrer noopener\">Bergslagsm\u00e4sterskap precision 2012<\/a><\/div>\n\n\n\n<div class=\"wp-block-file\"><a id=\"wp-block-file--media-380ff404-9a47-4097-b5d6-984691411a46\" href=\"https:\/\/ramsbergspsk.org\/wp-content\/uploads\/2019\/12\/BM-Precision-2011.pdf\" target=\"_blank\" rel=\"noreferrer noopener\">Bergslagsm\u00e4sterskap precision 2011<\/a><\/div>\n\n\n\n<div class=\"wp-block-file\"><a id=\"wp-block-file--media-15be9df9-b425-41e9-bdd9-5938e53e5e90\" href=\"https:\/\/ramsbergspsk.org\/wp-content\/uploads\/2019\/01\/Bergslagsm\u00e4sterskap-precision-2010.pdf\" target=\"_blank\" rel=\"noreferrer noopener\">Bergslagsm\u00e4sterskap precision 2010<\/a><\/div>\n\n\n\n<div class=\"wp-block-file\"><a id=\"wp-block-file--media-a3f27187-3a35-4875-bbd7-e01ff9832840\" href=\"https:\/\/ramsbergspsk.org\/wp-content\/uploads\/2019\/01\/Bergslagsm\u00e4sterskap-precision-2009.pdf\" target=\"_blank\" rel=\"noreferrer noopener\">Bergslagsm\u00e4sterskap precision 2009<\/a><\/div>\n\n\n\n<div class=\"wp-block-file\"><a id=\"wp-block-file--media-b0b037fe-8c22-41d2-99ad-55cbefbd3148\" href=\"https:\/\/ramsbergspsk.org\/wp-content\/uploads\/2019\/12\/BM-Precision-2008.pdf\" target=\"_blank\" rel=\"noreferrer noopener\">Bergslagsm\u00e4sterskap precision 2008<\/a><\/div>\n\n\n\n<div class=\"wp-block-file\"><a id=\"wp-block-file--media-5b044241-2dcb-4a74-86d7-1198cb3d935a\" href=\"https:\/\/ramsbergspsk.org\/wp-content\/uploads\/2019\/12\/BM-Precision-2007.pdf\" target=\"_blank\" rel=\"noreferrer noopener\">Bergslagsm\u00e4sterskap precision 2007<\/a><\/div>\n\n\n\n<div class=\"wp-block-file\"><a id=\"wp-block-file--media-387b840c-ddf6-4a4f-a823-09e4f7a246e1\" href=\"https:\/\/ramsbergspsk.org\/wp-content\/uploads\/2019\/12\/BM-Precision-2005.pdf\" target=\"_blank\" rel=\"noreferrer noopener\">Bergslagsm\u00e4sterskap precision 2005<\/a><\/div>\n","protected":false},"excerpt":{"rendered":"<p>Fr\u00f6vi-Lindes PF arrangerar \u00e5rligen m\u00e4sterskapet i Precision. Resultat nedan Bergslagsm\u00e4sterskap precision 2019<\/p>\n","protected":false},"author":3,"featured_media":0,"parent":0,"menu_order":0,"comment_status":"closed","ping_status":"closed","template":"","meta":{"footnotes":""},"class_list":["post-716","page","type-page","status-publish"],"_links":{"self":[{"href":"https:\/\/ramsbergspsk.org\/index.php?rest_route=\/wp\/v2\/pages\/716","targetHints":{"allow":["GET"]}}],"collection":[{"href":"https:\/\/ramsbergspsk.org\/index.php?rest_route=\/wp\/v2\/pages"}],"about":[{"href":"https:\/\/ramsbergspsk.org\/index.php?rest_route=\/wp\/v2\/types\/page"}],"author":[{"embeddable":true,"href":"https:\/\/ramsbergspsk.org\/index.php?rest_route=\/wp\/v2\/users\/3"}],"replies":[{"embeddable":true,"href":"https:\/\/ramsbergspsk.org\/index.php?rest_route=%2Fwp%2Fv2%2Fcomments&post=716"}],"version-history":[{"count":22,"href":"https:\/\/ramsbergspsk.org\/index.php?rest_route=\/wp\/v2\/pages\/716\/revisions"}],"predecessor-version":[{"id":5079,"href":"https:\/\/ramsbergspsk.org\/index.php?rest_route=\/wp\/v2\/pages\/716\/revisions\/5079"}],"wp:attachment":[{"href":"https:\/\/ramsbergspsk.org\/index.php?rest_route=%2Fwp%2Fv2%2Fmedia&parent=716"}],"curies":[{"name":"wp","href":"https:\/\/api.w.org\/{rel}","templated":true}]}}