{"id":692,"date":"2019-01-05T23:26:35","date_gmt":"2019-01-05T23:26:35","guid":{"rendered":"https:\/\/ramsbergspsk.org\/?page_id=692"},"modified":"2026-02-28T18:19:27","modified_gmt":"2026-02-28T18:19:27","slug":"kontakt","status":"publish","type":"page","link":"https:\/\/ramsbergspsk.org\/?page_id=692","title":{"rendered":"Kontakt"},"content":{"rendered":"\n<p><strong>Ramsbergs PSK:s styrelse<\/strong><\/p>\n\n\n\n<p><\/p>\n\n\n\n<figure class=\"wp-block-table\"><table><tbody><tr><td>Ordf\u00f6rande:<\/td><td>J\u00f6rgen Karlsson<\/td><td>070-285 61 04<\/td><td><a href=\"mailto:ordforande@ramsbergspsk.org\">Ordf\u00f6rande<\/a><\/td><\/tr><tr><td>Vice ordf\u00f6rande:<\/td><td>Thomas From Nygren<\/td><\/tr><tr><td>Sekreterare:<\/td><td>Jonas Sund\u00e9n<\/td><td>070-593 48 32<\/td><td><a href=\"mailto:sekreteraren@ramsbergspsk.org\">Sekreteraren<\/a><\/td><\/tr><tr><td>Vice sekreterare:<\/td><td>Svante Helmersson<\/td><\/tr><tr><td>Kass\u00f6r:<\/td><td>Roland Persson<\/td><td>070-671 22 22<\/td><td><a href=\"mailto:kassoren@ramsbergspsk.org\">Kass\u00f6ren<\/a><\/td><\/tr><tr><td>Ledamot:<\/td><td>Ove Norlin<\/td><\/tr><tr><td>Ledamot:<\/td><td>Niklas Bergkvist<\/td><\/tr><tr><td>Ledamot:<\/td><td>Mattias T\u00f6rnqvist<\/td><\/tr><tr><td>Suppleant:<\/td><td>Anders Larsson<\/td><\/tr><tr><td>Suppleant:<\/td><td>Anna \u00c5kerblom<\/td><\/tr><tr><td>Suppleant:<\/td><td>Jessica Svedberg<\/td><td><\/td><td><\/td><\/tr><\/tbody><\/table><\/figure>\n\n\n\n<hr class=\"wp-block-separator has-css-opacity\"\/>\n\n\n\n<p>T\u00e4vlingssekreterare: tavling@ramsbergspsk.org&nbsp;<br><\/p>\n\n\n\n<hr class=\"wp-block-separator has-css-opacity\"\/>\n\n\n\n<p>T\u00e4vlingsinbjudningar: sekreteraren@ramsbergspsk.org<\/p>\n\n\n\n<hr class=\"wp-block-separator has-css-opacity\"\/>\n\n\n\n<p>Bingolottoansvarig: bingolotto@ramsbergspsk.org&nbsp;<br><\/p>\n\n\n\n<hr class=\"wp-block-separator has-css-opacity\"\/>\n\n\n\n<p class=\"has-text-align-center\"><strong>Klubbens Bankgironummer<\/strong> <strong>5590-2340, Swish 123 218 31 19<\/strong><\/p>\n\n\n\n<figure class=\"wp-block-table alignleft\"><table><tbody><tr><td><a href=\"http:\/\/www.hitta.se\/LargeMap.aspx?z=1&amp;mp=%3Cpts%3E%3Cpt%20x%3D%221471509%22%20y%3D%226628932%22%20i%3D%22http%3A\/\/www.hitta.se\/images\/point.png%22%3E%3Ct%3E%28ny%20punkt%29St%E4ng%3C\/t%3E%3C\/pt%3E%3C\/pts%3E\">Karta som visar var vi finns<\/a><\/td><\/tr><tr><td><strong>Koordinater<\/strong><br><small>SWEREF 99 TM<\/small><br>N 6626818,&nbsp;E 516754<br><small>WGS84<\/small><br>59\u00b046&#8217;43.8&#8243;N&nbsp;15\u00b017&#8217;54.1&#8243;E<\/td><\/tr><\/tbody><\/table><\/figure>\n\n\n\n<p><\/p>\n","protected":false},"excerpt":{"rendered":"<p>Ramsbergs PSK:s styrelse Ordf\u00f6rande: J\u00f6rgen Karlsson 070-285 61 04 Ordf\u00f6rande Vice ordf\u00f6rande: Thomas From Nygren Sekreterare: Jonas Sund\u00e9n 070-593 48 32 Sekreteraren Vice sekreterare: Svante Helmersson Kass\u00f6r: Roland Persson 070-671 22 22 Kass\u00f6ren Ledamot: Ove Norlin Ledamot: Niklas Bergkvist Ledamot: Mattias T\u00f6rnqvist Suppleant: Anders Larsson Suppleant: Anna \u00c5kerblom Suppleant: Jessica Svedberg T\u00e4vlingssekreterare: tavling@ramsbergspsk.org&nbsp; T\u00e4vlingsinbjudningar: sekreteraren@ramsbergspsk.org &#8230; <a title=\"Kontakt\" class=\"read-more\" href=\"https:\/\/ramsbergspsk.org\/?page_id=692\" aria-label=\"L\u00e4s mer om Kontakt\">L\u00e4s mer<\/a><\/p>\n","protected":false},"author":3,"featured_media":0,"parent":0,"menu_order":0,"comment_status":"closed","ping_status":"closed","template":"","meta":{"footnotes":""},"class_list":["post-692","page","type-page","status-publish"],"_links":{"self":[{"href":"https:\/\/ramsbergspsk.org\/index.php?rest_route=\/wp\/v2\/pages\/692","targetHints":{"allow":["GET"]}}],"collection":[{"href":"https:\/\/ramsbergspsk.org\/index.php?rest_route=\/wp\/v2\/pages"}],"about":[{"href":"https:\/\/ramsbergspsk.org\/index.php?rest_route=\/wp\/v2\/types\/page"}],"author":[{"embeddable":true,"href":"https:\/\/ramsbergspsk.org\/index.php?rest_route=\/wp\/v2\/users\/3"}],"replies":[{"embeddable":true,"href":"https:\/\/ramsbergspsk.org\/index.php?rest_route=%2Fwp%2Fv2%2Fcomments&post=692"}],"version-history":[{"count":15,"href":"https:\/\/ramsbergspsk.org\/index.php?rest_route=\/wp\/v2\/pages\/692\/revisions"}],"predecessor-version":[{"id":5091,"href":"https:\/\/ramsbergspsk.org\/index.php?rest_route=\/wp\/v2\/pages\/692\/revisions\/5091"}],"wp:attachment":[{"href":"https:\/\/ramsbergspsk.org\/index.php?rest_route=%2Fwp%2Fv2%2Fmedia&parent=692"}],"curies":[{"name":"wp","href":"https:\/\/api.w.org\/{rel}","templated":true}]}}